{"id":296,"date":"2018-05-24T10:35:17","date_gmt":"2018-05-24T08:35:17","guid":{"rendered":"http:\/\/vangabygden.se\/?page_id=296"},"modified":"2025-04-21T18:29:03","modified_gmt":"2025-04-21T16:29:03","slug":"upplev-vanga","status":"publish","type":"page","link":"https:\/\/vangabygden.se\/?page_id=296","title":{"rendered":"Upplev V\u00e5nga"},"content":{"rendered":"<p>[et_pb_section fb_built=&#8221;1&#8243; _builder_version=&#8221;4.16&#8243; custom_padding=&#8221;0|0px|64px|0px|false|false&#8221; global_colors_info=&#8221;{}&#8221;][et_pb_row _builder_version=&#8221;4.17.3&#8243; background_size=&#8221;initial&#8221; background_position=&#8221;top_left&#8221; background_repeat=&#8221;repeat&#8221; hover_enabled=&#8221;0&#8243; global_colors_info=&#8221;{}&#8221; sticky_enabled=&#8221;0&#8243;][et_pb_column type=&#8221;4_4&#8243; _builder_version=&#8221;4.16&#8243; custom_padding=&#8221;|||&#8221; global_colors_info=&#8221;{}&#8221; custom_padding__hover=&#8221;|||&#8221;][et_pb_text _builder_version=&#8221;4.16&#8243; global_colors_info=&#8221;{}&#8221;]<\/p>\n<p style=\"text-align: left;\"><strong>H\u00e4r hittas sev\u00e4rdheter och utflyktsm\u00e5l. P\u00e5 kartan nedan finns sev\u00e4rdheter markerade och beskrivande text under kartan.<\/strong><\/p>\n<p><img loading=\"lazy\" decoding=\"async\" class=\"alignnone wp-image-297 size-full\" style=\"display: block; margin-left: auto; margin-right: auto;\" src=\"http:\/\/vangabygden.se\/wp-content\/uploads\/2018\/05\/Vangakarta.png\" alt=\"\" width=\"610\" height=\"457\" srcset=\"https:\/\/vangabygden.se\/wp-content\/uploads\/2018\/05\/Vangakarta.png 610w, https:\/\/vangabygden.se\/wp-content\/uploads\/2018\/05\/Vangakarta-300x225.png 300w, https:\/\/vangabygden.se\/wp-content\/uploads\/2018\/05\/Vangakarta-510x382.png 510w\" sizes=\"auto, (max-width: 610px) 100vw, 610px\" \/><\/p>\n<p>&nbsp;<\/p>\n<p>[\/et_pb_text][\/et_pb_column][\/et_pb_row][et_pb_row column_structure=&#8221;1_2,1_2&#8243; _builder_version=&#8221;4.17.3&#8243; _module_preset=&#8221;default&#8221; hover_enabled=&#8221;0&#8243; global_colors_info=&#8221;{}&#8221; sticky_enabled=&#8221;0&#8243;][et_pb_column type=&#8221;1_2&#8243; _builder_version=&#8221;4.17.3&#8243; _module_preset=&#8221;default&#8221; global_colors_info=&#8221;{}&#8221;][et_pb_text _builder_version=&#8221;4.17.3&#8243; _module_preset=&#8221;default&#8221; global_colors_info=&#8221;{}&#8221;]<\/p>\n<p><strong>V\u00e5nga \u2013 vackert och varierat landskap med rik historia<br \/><\/strong>Kombinationen av skogen, jordbruksbygden och de stora sj\u00f6arna g\u00f6r att V\u00e5ngas natur \u00e4r artrik och vacker. Mer information om naturen och V\u00e5ngas historia kan du hitta via menyn till h\u00f6ger.\u00a0Nedan f\u00f6ljer n\u00e5gra av sev\u00e4rdheterna i V\u00e5nga (i bokstavsordning).\u00a0Vissa av platserna \u00e4r markerade med nummer p\u00e5 kartan andra \u00e4r bara f\u00e4rgkodade efter typ.<\/p>\n<p><strong>Badplatser<\/strong><br \/>Det finns inga offentliga badplatser i V\u00e5nga, men strax utanf\u00f6r sockengr\u00e4nsen vid sj\u00f6arna M\u00e5rn och Roxen finns allm\u00e4nna bad. Vid Grensholm finns m\u00f6jlighet att bada men det g\u00e5r inte att k\u00f6ra bil \u00e4nda ner till badet.<\/p>\n<p><strong>Bergsbruk<\/strong><br \/>Det finns m\u00e5nga gruvh\u00e5l i norra och \u00f6stra delen av V\u00e5nga som vittnar om att bergshantering varit en viktig del av f\u00f6rs\u00f6rjningen i forna dagar.\u00a0N\u00e4r bergshanteringen b\u00f6rjade h\u00e4r \u00e4r inte k\u00e4nt, men det finns bevis p\u00e5 att det br\u00f6ts j\u00e4rnmalm under tidig medeltid i bygden.\u00a01480 levererade biskop Henrik Tidemansson j\u00e4rn fr\u00e5n V\u00e5nga till byggandet av Link\u00f6pings domkyrka.\u00a0Den intensivaste perioden av j\u00e4rnhanteringen var fr\u00e5n mitten av 1500-talet till b\u00f6rjan av 1800-talet.<\/p>\n<p>F\u00f6rutom de m\u00e5nga j\u00e4rngruvorna finns ocks\u00e5 rester efter en koppargruva i n\u00e4rheten av Lada <strong>(1)<\/strong> och en silvergruva i n\u00e4rheten av Planterhagen <strong>(2)<\/strong>.\u00a0P\u00e5 kartan finns gruvorna i Tolskepp <strong>(3)<\/strong>, Storgruvf\u00e4ltet <strong>(4)<\/strong> och Glansgruvan <strong>(5)<\/strong> utm\u00e4rkta.\u00a0F\u00f6rutom gruvh\u00e5l finns l\u00e4mningar efter hyttor, slaggh\u00f6gar och kolbottnar.<\/p>\n<p><strong>Fornborgar<\/strong><br \/>Det finns flera rester av fornborgar i trakten som visar p\u00e5 att V\u00e5nga haft en strategisk betydelse bel\u00e4get mellan sj\u00f6arna Roxen och Glan. Ruinen efter den medeltida borganl\u00e4ggningen \u00c5l finns p\u00e5 Slottsudden <strong>(6)<\/strong>.<\/p>\n<p><strong>Glans kalkbrott<\/strong><br \/>Platsen \u00e4r som en magnifik utomhussal <strong>(7)<\/strong>. Lodr\u00e4ta kalkbergsv\u00e4ggar stupar brant ner mot gr\u00f6nskan d\u00e4r blommor, lavar och mossor v\u00e4xer.\u00a0M\u00e5ngfalden i naturen \u00e4r ov\u00e4rderlig, h\u00e4r v\u00e4xer bland annat s\u00e4llsynta orkid\u00e9arter.<\/p>\n<p>Kalkbrytningen vid Glan har m\u00e5nghundra\u00e5riga anor.\u00a0Den startade p\u00e5 1600-talet d\u00e5 man beh\u00f6vde kalk till framst\u00e4llning av j\u00e4rn.\u00a0P\u00e5 1800-talet b\u00f6rjade kalk spridas p\u00e5 \u00e5krarna som jordf\u00f6rb\u00e4ttringsmedel. I dag andas allt urskog och frid.\u00a0Endast en rostande j\u00e4rnv\u00e4gsr\u00e4ls vittnar om den aktivitet som en g\u00e5ng r\u00e5dde h\u00e4r.<\/p>\n<p><strong>Grensholm<\/strong><br \/>Grensholms herrg\u00e5rd \u00e4r ursprungligen fr\u00e5n 1600-talet men idag av karolinsk karakt\u00e4r med omgivande fransk park med spegeldamm <strong>(8)<\/strong>.\u00a0Ett stort antal torp finns p\u00e5 \u00e4gorna, m\u00e5nga uppf\u00f6rda i sten av dalkarlar under 1700-talets mitt.\u00a0Den senmedeltida huvudbyggnaden i sten byggdes om till g\u00e5rdskapell under 1500-talet. G\u00e5rden har v\u00e4lbevarad ekonomibebyggelse fr\u00e5n 1700- och 1800-talen.<\/p>\n<p><strong>R\u00f6varebergsgrottan<\/strong><br \/>Grottan \u00e4r bel\u00e4gen p\u00e5 den j\u00f6kelspr\u00e4ngda sidan av bergsmassivet s\u00f6der om sj\u00f6n H\u00e4len <strong>(9)<\/strong>.\u00a0Grottan \u00e4r 12 meter djup och 4 meter h\u00f6g med en tr\u00e5ng ing\u00e5ng. En s\u00e4gen ber\u00e4ttar att en flicka blev bortf\u00f6rd av r\u00f6vare till grottan.\u00a0Hon h\u00f6lls i f\u00e5ngenskap d\u00e4r under flera \u00e5r. Tillslut lyckades hon fly och tog sig till Gamlebyn d\u00e4r hon f\u00f6ll ihop och dog av utmattning.<\/p>\n<p><strong>V\u00e5ngaleden<\/strong><br \/>V\u00e5ngaleden finns i v\u00e4stra delen av V\u00e5nga <strong>(10)<\/strong>. Leden \u00e4r drygt 10 km l\u00e5ng och passerar bland annat de gamla gruvorna i Tolskepp.\u00a0<span style=\"font-size: 14px;\">En detaljerad karta \u00f6ver V\u00e5ngaleden hittar du via l\u00e4nkarna uppe till h\u00f6ger.<\/span><\/p>\n<p><strong>Veteklint<\/strong><br \/>Fr\u00e5n toppen 124 meter \u00f6ver havet har man en fin utsikt \u00f6ver bygden <strong>(13)<\/strong>. Toppen anv\u00e4ndes f\u00f6rr f\u00f6r v\u00e5rdkasar som signalerade om fiendeangrepp. H\u00e4r finns ocks\u00e5 rester av en gammal fornborg.<\/p>\n<p><strong>V\u00e5nga hembygdsg\u00e5rd<\/strong><br \/>V\u00e5nga hembygdsf\u00f6rening har flyttat och \u00e5teruppbyggt ett antal historiskt intressanta byggnader fr\u00e5n trakten <strong>(11)<\/strong>.\u00a0Sista s\u00f6ndagen i augusti anordnas den v\u00e4lbes\u00f6kta hembygdsdagen d\u00e5 gamla tekniker och hantverk visas.<br \/>V\u00e5nga hembygdsf\u00f6rening har \u00e4ven ett intressant arkiv som belyser bygdens historia.\u00a0F\u00f6rutom information om bygdens historia s\u00e5 finns h\u00e4r ocks\u00e5 ett omfattande arkiv om V\u00e5ngas befolkning under flera \u00e5rhundraden.<\/p>\n<p>Hembygdsf\u00f6reningen har mycket aktiviteter under \u00e5ret, program hittar du h\u00e4r.<\/p>\n<p><strong>V\u00e5nga kyrka<\/strong><br \/>I V\u00e5nga finns tv\u00e5 kyrkobyggnader <strong>(12)<\/strong>.\u00a0En som fungerar som kyrka idag och en som tidigare har varit kyrka och under n\u00e5gra \u00e5r var gravkapell, men som nu s\u00e4llan anv\u00e4nds.\u00a0Den gamla kyrkan fr\u00e5n 1200-talet helgades \u00e5t S:t Olof och rester av den finns kvar \u00f6ster om den nuvarande kyrkan.<\/p>\n<p>V\u00e5nga kyrka uppf\u00f6rdes \u00e5r 1866, men 1959 tr\u00e4ffades kyrkan av blixten, vilket bara l\u00e4mnade ytterv\u00e4ggarna kvar.<br \/>\u00c4ven kyrkklockorna f\u00f6rst\u00f6rdes i branden, men gick att \u00e5teranv\u00e4ndas d\u00e5 de nya klockorna g\u00f6ts.<br \/>Kyrkan \u00e5teruppf\u00f6rdes sedan efter de ursprungliga ritningarna men med lite modernare inredning.<\/p>\n<p>Altaret \u00e4r utf\u00f6rt av Stj\u00e4rntorpsmarmor, vilket \u00e4r V\u00e5ngas egna stenart. Dopfunten i kyrkan \u00e4r daterad 1661 och \u00e4r troligen tillverkad i Vadstena eller Sk\u00e4nninge. Altartavlan f\u00f6rest\u00e4ller Jesus, en kn\u00e4b\u00f6jande Tomas och l\u00e4rjungarna och \u00e4r m\u00e5lad av Johan Krouth\u00e9n \u00e5r 1892.<\/p>\n<p>[\/et_pb_text][\/et_pb_column][et_pb_column type=&#8221;1_2&#8243; _builder_version=&#8221;4.17.3&#8243; _module_preset=&#8221;default&#8221; global_colors_info=&#8221;{}&#8221;][et_pb_text _builder_version=&#8221;4.17.3&#8243; _module_preset=&#8221;default&#8221; global_colors_info=&#8221;{}&#8221;]<\/p>\n<p><strong>Klicka p\u00e5 menyvalen f\u00f6r att l\u00e4sa mer<\/strong><\/p>\n<blockquote>\n<p><a href=\"https:\/\/vangabygden.se\/?page_id=326\">V\u00e5ngas historia<\/a><\/p>\n<p><a href=\"https:\/\/vangabygden.se\/?page_id=321\">V\u00e5ngas natur<\/a><\/p>\n<p><a href=\"https:\/\/vangabygden.se\/?page_id=324\">Vandringsleder<\/a><\/p>\n<p><a href=\"https:\/\/vangabygden.se\/?page_id=296\">Upplev V\u00e5nga<\/a><\/p>\n<\/blockquote>\n<p>[\/et_pb_text][\/et_pb_column][\/et_pb_row][\/et_pb_section]<\/p>\n","protected":false},"excerpt":{"rendered":"<p>H\u00e4r hittas sev\u00e4rdheter och utflyktsm\u00e5l. P\u00e5 kartan nedan finns sev\u00e4rdheter markerade och beskrivande text under kartan. &nbsp;V\u00e5nga \u2013 vackert och varierat landskap med rik historiaKombinationen av skogen, jordbruksbygden och de stora sj\u00f6arna g\u00f6r att V\u00e5ngas natur \u00e4r artrik och vacker. Mer information om naturen och V\u00e5ngas historia kan du hitta via menyn till h\u00f6ger.\u00a0Nedan f\u00f6ljer [&hellip;]<\/p>\n","protected":false},"author":2,"featured_media":0,"parent":41,"menu_order":0,"comment_status":"closed","ping_status":"closed","template":"","meta":{"_et_pb_use_builder":"on","_et_pb_old_content":"","_et_gb_content_width":"","footnotes":""},"class_list":["post-296","page","type-page","status-publish","hentry"],"post_mailing_queue_ids":[],"_links":{"self":[{"href":"https:\/\/vangabygden.se\/index.php?rest_route=\/wp\/v2\/pages\/296","targetHints":{"allow":["GET"]}}],"collection":[{"href":"https:\/\/vangabygden.se\/index.php?rest_route=\/wp\/v2\/pages"}],"about":[{"href":"https:\/\/vangabygden.se\/index.php?rest_route=\/wp\/v2\/types\/page"}],"author":[{"embeddable":true,"href":"https:\/\/vangabygden.se\/index.php?rest_route=\/wp\/v2\/users\/2"}],"replies":[{"embeddable":true,"href":"https:\/\/vangabygden.se\/index.php?rest_route=%2Fwp%2Fv2%2Fcomments&post=296"}],"version-history":[{"count":14,"href":"https:\/\/vangabygden.se\/index.php?rest_route=\/wp\/v2\/pages\/296\/revisions"}],"predecessor-version":[{"id":3212,"href":"https:\/\/vangabygden.se\/index.php?rest_route=\/wp\/v2\/pages\/296\/revisions\/3212"}],"up":[{"embeddable":true,"href":"https:\/\/vangabygden.se\/index.php?rest_route=\/wp\/v2\/pages\/41"}],"wp:attachment":[{"href":"https:\/\/vangabygden.se\/index.php?rest_route=%2Fwp%2Fv2%2Fmedia&parent=296"}],"curies":[{"name":"wp","href":"https:\/\/api.w.org\/{rel}","templated":true}]}}